2843131 and 8468.
2117
Calculate the highest common divisor of 186375 and 51830.
355
Calculate the greatest common divisor of 41742162 and 45738.
4158
What is the greatest common factor of 1580 and 2731504?
316
Calculate the greatest common divisor of 26 and 448104982.
26
Calculate the greatest common factor of 70 and 3848530.
70
What is the highest common divisor of 20 and 112511116?
4
Calculate the highest common factor of 381503 and 159883.
1583
Calculate the greatest common factor of 77088 and 182719.
73
Calculate the highest common divisor of 1851 and 1122459357.
1851
Calculate the greatest common divisor of 23400 and 1656525.
975
Calculate the highest common factor of 117542253 and 47.
47
Calculate the highest common divisor of 21009 and 460524283.
7003
What is the highest common divisor of 1000 and 7311560?
40
What is the greatest common divisor of 2929920 and 3170265?
11445
Calculate the greatest common factor of 4788 and 20892564.
252
Calculate the highest common divisor of 1333 and 16322499.
43
Calculate the greatest common divisor of 1566 and 14439825.
261
What is the highest common factor of 232 and 1202952?
8
Calculate the highest common factor of 29 and 260789924.
29
What is the highest common divisor of 168 and 9284772?
84
What is the greatest common divisor of 160 and 62555320?
40
What is the highest common factor of 11918 and 524923?
59
What is the greatest common divisor of 346060 and 423280?
2860
What is the greatest common divisor of 345 and 154963995?
345
What is the highest common factor of 196 and 16520924?
28
Calculate the greatest common divisor of 100491536 and 2.
2
What is the highest common divisor of 95 and 50457217?
19
Calculate the highest common divisor of 336 and 15478932.
84
What is the greatest common divisor of 3509 and 580899?
319
What is the highest common factor of 8065341 and 7567?
1081
Calculate the greatest common factor of 5660 and 383820.
20
Calculate the greatest common factor of 40162218 and 30.
6
What is the greatest common divisor of 311 and 271995313?
311
Calculate the highest common divisor of 3337120 and 160.
160
Calculate the highest common divisor of 51590 and 3176470.
7370
Calculate the highest common divisor of 4104 and 107736.
24
Calculate the greatest common divisor of 20185 and 53967350.
1835
Calculate the greatest common divisor of 27 and 484812045.
9
Calculate the greatest common divisor of 768744 and 3744.
72
Calculate the highest common divisor of 467291996 and 6492.
2164
Calculate the highest common factor of 1020 and 73297540.
340
Calculate the highest common divisor of 48 and 243471.
3
What is the greatest common factor of 920355 and 30?
15
What is the highest common factor of 704 and 2799896?
88
Calculate the highest common factor of 80995 and 19885.
485
Calculate the highest common factor of 56241264 and 84.
12
Calculate the greatest common divisor of 323018 and 48496.
866
Calculate the highest common divisor of 2354660 and 464156.
3388
What is the highest common divisor of 51227169 and 777?
21
What is the greatest common divisor of 24 and 2351038992?
24
Calculate the greatest common divisor of 189842 and 63299926.
8254
What is the greatest common divisor of 2367560 and 1560?
520
What is the highest common factor of 57886 and 379040?
206
Calculate the greatest common factor of 559 and 9494056.
559
Calculate the highest common factor of 1922 and 2670154.
62
Calculate the greatest common divisor of 133939 and 5512.
13
What is the greatest common factor of 10373 and 691955?
253
What is the highest common divisor of 504 and 7531741?
7
Calculate the highest common factor of 752 and 129178936.
376
Calculate the highest common factor of 212202375 and 231.
231
Calculate the highest common divisor of 66797370 and 90.
90
What is the greatest common factor of 4503317 and 4199?
221
What is the greatest common divisor of 147686868 and 27?
27
What is the highest common divisor of 596 and 13432946?
298
What is the highest common factor of 24607296 and 1224?
1224
Calculate the greatest common divisor of 401325 and 26075423.
5351
Calculate the greatest common factor of 1035 and 237208315.
115
What is the highest common factor of 2571 and 224663407?
857
What is the highest common divisor of 934357 and 527308?
241
Calculate the greatest common factor of 1964829 and 3.
3
Calculate the highest common factor of 202 and 1639028.
202
What is the greatest common factor of 44 and 36158573?
11
Calculate the greatest common divisor of 2778683 and 535.
107
Calculate the greatest common factor of 64 and 345337536.
64
What is the greatest common divisor of 70850 and 1853?
109
Calculate the greatest common factor of 78710 and 579530.
170
What is the highest common factor of 12685440 and 3840?
1920
What is the highest common divisor of 1916724 and 3444?
12
What is the highest common factor of 332599 and 403?
31
What is the greatest common factor of 3072 and 2630832?
48
What is the highest common divisor of 91733653 and 11457?
1273
Calculate the greatest common factor of 633501 and 199001.
869
What is the greatest common divisor of 17208680 and 12160?
760
Calculate the greatest common divisor of 34180839 and 401.
401
What is the highest common factor of 1397838 and 570?
6
What is the highest common divisor of 9670227 and 42?
21
What is the highest common divisor of 83450067 and 668?
167
What is the highest common factor of 249041477 and 1507?
137
Calculate the greatest common factor of 2540 and 160467548.
508
What is the greatest common factor of 288 and 27290?
2
What is the highest common factor of 6201 and 185871?
159
Calculate the greatest common divisor of 511010 and 995990.
1370
What is the highest common divisor of 2586493 and 76583?
559
Calculate the highest common divisor of 14334334 and 413.
7
Calculate the highest common divisor of 2292 and 63964372.
764
Calculate the greatest common divisor of 101918 and 28034.
262
What is the highest common divisor of 1476 and 5592974?
82
Calculate the greatest common divisor of 9793220 and 862720.
6740
What is the highest common factor of 4340 and 83755?
35
Calculate the greatest common factor of 25500 and 2010828.
204
Calculate the greatest common factor of 110985 and 141855.
735
Calculate the highest common factor of 100833660 and 277380.
12060
Calculate the highest common divisor of 30102 and 47154.
174
What is the greatest common divisor of 315 and 4588962?
21
Calculate the greatest common divisor of 17594088 and 1233.
411
What is the highest common divisor of 1986947 and 575?
23
Calculate the highest common factor of 5517768 and 35489.
1543
What is the greatest common divisor of 19 and 334172532?
19
Calculate the greatest common factor of 104638 and 11228584.
226
Calculate the highest common factor of 28 and 444126382.
14
What is the highest common factor of 1171 and 65577?
1
What is the highest common factor of 1493547 and 15598?
11
What is the greatest common divisor of 264 and 67878120?
24
What is the highest common factor of 1353342 and 5782?
118
What is the highest common factor of 146244961 and 223?
223
What is the highest common divisor of 426 and 2240275638?
426
Calculate the greatest common divisor of 2990440 and 40.
40
What is the greatest common factor of 720 and 1950126?
6
Calculate the greatest common factor of 2941081 and 13624.
1703
Calculate the highest common divisor of 4998062 and 2670.
178
Calculate the highest common factor of 127512982 and 372.
62
Calculate the highest common divisor of 376919 and 5468711.
2257
Calculate the greatest common divisor of 5274 and 9653471.
293
What is the greatest common divisor of 2387 and 162813?
7
What is the highest common factor of 33833 and 1651933?
1471
Calculate the highest common factor of 255680 and 5661808.
752
Calculate the greatest common factor of 5508535 and 7375.
295
Calculate the highest common factor of 48 and 28284840.
24
What is the greatest common divisor of 189 and 578571?
21
What is the greatest common divisor of 6584 and 21136286?
1646
Calculate the highest common factor of 123498 and 5946200.
4574
Calculate the highest common divisor of 233 and 50695208.
233
What is the greatest common divisor of 9686341 and 4172?
1043
What is the highest common factor of 11141998 and 28?
14
Calcu